I/PackageParser( 1684): com.android.providers.telephony: compat added android.permission.READ_PHONE_STATE
W/ResourceType( 1684): Failure getting entry for 0x7f030000 (t=2 e=0) in package 0 (error -75)
I/PackageParser( 1684): com.android.wallpaper.livepicker: compat added android.permission.WRITE_EXTERNAL_STORAGE android.permission.READ_PHONE_E
D/dalvikvm( 1684): GC_CONCURRENT freed 197K, 10% free 3669K/4048K, paused 2ms+3ms, total 32ms
W/ResourceType( 1684): Failure getting entry for 0x7f020000 (t=1 e=0) in package 0 (error -75)
I/PackageParser( 1684): com.android.dreams.basic: compat added android.permission.WRITE_EXTERNAL_STORAGE android.permission.READ_PHONE_STATE
W/ResourceType( 1684): Failure getting entry for 0x7f030000 (t=2 e=0) in package 0 (error -75)
I/PackageParser( 1684): com.android.providers.downloads.ui: compat added android.permission.WRITE_EXTERNAL_STORAGE android.permission.READ_PHONE
I/PackageParser( 1684): com.android.backupconfirm: compat added android.permission.WRITE_EXTERNAL_STORAGE android.permission.READ_PHONE_STATE
I/PackageParser( 1684): com.svox.pico: compat added android.permission.READ_PHONE_STATE
W/ResourceType( 1684): Failure getting entry for 0x7f020000 (t=1 e=0) in package 0 (error -75)
I/PackageParser( 1684): com.android.providers.settings: compat added android.permission.WRITE_EXTERNAL_STORAGE android.permission.READ_PHONE_STE
W/ResourceType( 1684): Failure getting entry for 0x7f020003 (t=1 e=3) in package 0 (error -75)
I/PackageParser( 1684): com.google.android.gsf: compat added android.permission.WRITE_EXTERNAL_STORAGE
W/ResourceType( 1684): Failure getting entry for 0x7f030000 (t=2 e=0) in package 0 (error -75)
I/PackageParser( 1684): com.android.calculator2: compat added android.permission.WRITE_EXTERNAL_STORAGE android.permission.READ_PHONE_STATE
I/PackageParser( 1684): com.android.speechrecorder: compat added android.permission.WRITE_EXTERNAL_STORAGE android.permission.READ_PHONE_STATE
W/ResourceType( 1684): Failure getting entry for 0x7f020000 (t=1 e=0) in package 0 (error -75)
I/PackageParser( 1684): com.google.android.syncadapters.bookmarks: compat added android.permission.WRITE_EXTERNAL_STORAGE android.permission.REE
I/PackageParser( 1684): com.android.vpndialogs: compat added android.permission.WRITE_EXTERNAL_STORAGE android.permission.READ_PHONE_STATE
W/ResourceType( 1684): Failure getting entry for 0x7f030000 (t=2 e=0) in package 0 (error -75)
I/PackageParser( 1684): com.android.inputmethod.latin: compat added android.permission.WRITE_EXTERNAL_STORAGE android.permission.READ_PHONE_STAE
I/PackageParser( 1684): com.android.provision: compat added android.permission.WRITE_EXTERNAL_STORAGE android.permission.READ_PHONE_STATE
W/ResourceType( 1684): Failure getting entry for 0x7f020002 (t=1 e=2) in package 0 (error -75)
I/PackageParser( 1684): com.android.noisefield: compat added android.permission.WRITE_EXTERNAL_STORAGE android.permission.READ_PHONE_STATE
W/ResourceType( 1684): Failure getting entry for 0x7f020003 (t=1 e=3) in package 0 (error -75)
I/PackageParser( 1684): com.google.android.apps.uploader: compat added android.permission.READ_PHONE_STATE
D/PackageManager( 1684): No files in app dir /vendor/app
I/PackageParser( 1684): com.android.smspush: compat added android.permission.WRITE_EXTERNAL_STORAGE android.permission.READ_PHONE_STATE
I/PackageManager( 1684): Time to scan packages: 2.413 seconds
W/PackageManager( 1684): Unknown permission android.permission.ADD_SYSTEM_SERVICE in package com.android.phone
W/PackageManager( 1684): Unknown permission com.android.vending.billing.IBillingAccountService.BIND2 in package com.google.android.gsf.login
W/PackageManager( 1684): Unknown permission com.android.chrome.TOS_ACKED in package com.google.android.gsf.login
W/PackageManager( 1684): Not granting permission android.permission.SEND_DOWNLOAD_COMPLETED_INTENTS to package com.android.browser (protectionL)
W/PackageManager( 1684): Not granting permission android.permission.DEVICE_POWER to package com.softwinner.explore (protectionLevel=2 flags=0x8)
W/PackageManager( 1684): Unknown permission com.google.android.gallery3d.permission.PICASA_STORE in package com.android.dreams.phototable
W/PackageManager( 1684): Unknown permission com.google.android.voicesearch.SHORTCUTS_ACCESS in package com.google.android.googlequicksearchbox
W/PackageManager( 1684): Unknown permission com.google.googlenav.friend.permission.OPT_IN in package com.google.android.googlequicksearchbox
W/PackageManager( 1684): Unknown permission com.google.android.apps.maps.permission.PREFETCH in package com.google.android.googlequicksearchbox
W/PackageManager( 1684): Unknown permission com.google.android.apps.googlevoice.permission.AUTO_SEND in package com.google.android.googlequicksx
W/PackageManager( 1684): Not granting permission android.permission.SEND_DOWNLOAD_COMPLETED_INTENTS to package com.android.vending (protectionL)
W/PackageManager( 1684): Unknown permission com.google.android.gallery3d.permission.GALLERY_PROVIDER in package com.android.exchange
W/PackageManager( 1684): Unknown permission com.google.android.gallery3d.permission.GALLERY_PROVIDER in package com.google.android.gm
W/PackageManager( 1684): Unknown permission com.google.android.gallery3d.permission.GALLERY_PROVIDER in package com.android.email
W/PackageManager( 1684): Not granting permission android.permission.DEVICE_POWER to package com.android.deskclock (protectionLevel=2 flags=0x84)
W/PackageManager( 1684): Not granting permission android.permission.READ_DREAM_STATE to package com.google.android.gsf (protectionLevel=2 flags)
D/dalvikvm( 1684): GC_CONCURRENT freed 380K, 13% free 3778K/4336K, paused 1ms+4ms, total 31ms
D/dalvikvm( 1684): GC_EXPLICIT freed 250K, 17% free 3665K/4368K, paused 4ms+5ms, total 47ms
I/SystemServer( 1684): User Service
I/SystemServer( 1684): Account Manager
I/SystemServer( 1684): Content Manager
I/SystemServer( 1684): System Content Providers
I/SystemServer( 1684): Lights Service
I/SystemServer( 1684): Battery Service
I/SystemServer( 1684): DynamicPManager
I/SystemServer( 1684): Vibrator Service
I/libsuspend( 1684): Selected early suspend
I/libsuspend( 1684): Starting early suspend unblocker thread
D/PermissionCache( 1072): checking android.permission.ACCESS_SURFACE_FLINGER for uid=1000 => granted (622 us)
D/SurfaceFlinger( 1072): Screen acquired, type=0 flinger=0x415c2370
D/SurfaceFlinger( 1072): screen was previously acquired
I/SystemServer( 1684): Alarm Manager
I/SystemServer( 1684): Init Watchdog
I/SystemServer( 1684): Input Manager
I/InputManager( 1684): Initializing input manager, mUseDevInputEventForAudioJack=false
I/SystemServer( 1684): Window Manager
E/WVMExtractor( 1075): Failed to open libwvm.so
E/Trace ( 1075): error opening trace file: No such file or directory (2)
D/dalvikvm( 1684): GC_CONCURRENT freed 292K, 12% free 3843K/4368K, paused 2ms+3ms, total 36ms
I/InputManager( 1684): Starting input manager
I/SystemServer( 1684): Bluetooth Manager Service
D/EventHub( 1684): No input device configuration file found for device 'sw-keyboard'. I/EventHub( 1[ 44.576693] acc_open 684): New device: id=1, fd=84, path='/dev/input/event0', name='s[ 44.585346] acc_release w-keyboard', classes=0x1, configuration='', keyLayout='/system/usr/keylayout/sw-keyboard.kl', keyCharacterMap='/system/usr/keychars/Generic.kcme
E/EventHub( 1684): could not get driver version for /dev/input/mice, Not a typewriter
D/BluetoothManagerService( 1684): Loading stored name and address
D/BluetoothManagerService( 1684): Stored bluetooth Name=null,Address=null
I/SystemServer( 1684): Input Method Service
E/WVMExtractor( 1075): Failed to open libwvm.so
W/InputMethodManagerService( 1684): Couldn't create dir.: /data/system/inputmethod
W/ResourceType( 1684): Failure getting entry for 0x7f060000 (t=5 e=0) in package 0 (error -75)
D/EventHub( 1684): No input device configuration file found for device 'axp20-supplyer'.
I/EventHub( 1684): New device: id=2, fd=92, path='/dev/input/event1', name='axp20-supplyer', classes=0x1, configuration='', keyLayout='/system/e
I/InputReader( 1684): Device added: id=-1, name='Virtual', sources=0x00000301
I/InputReader( 1684): Device added: id=2, name='axp20-supplyer', sources=0x00000101
I/InputReader( 1684): Device added: id=1, name='sw-keyboard', sources=0x00000101
E/Trace ( 1684): error opening trace file: No such file or directory (2)
W/ResourceType( 1684): Failure getting entry for 0x7f02002c (t=1 e=44) in package 0 (error -75)
W/ResourceType( 1684): Failure getting entry for 0x7f02002c (t=1 e=44) in package 0 (error -75)
W/ResourceType( 1684): Failure getting entry for 0x7f02002c (t=1 e=44) in package 0 (error -75)
W/ResourceType( 1684): Failure getting entry for 0x7f02002c (t=1 e=44) in package 0 (error -75)
W/ResourceType( 1684): Failure getting entry for 0x7f02002c (t=1 e=44) in package 0 (error -75)
W/ResourceType( 1684): Failure getting entry for 0x7f02002c (t=1 e=44) in package 0 (error -75)
W/ResourceType( 1684): Failure getting entry for 0x7f02002c (t=1 e=44) in package 0 (error -75)
W/ResourceType( 1684): Failure getting entry for 0x7f02002c (t=1 e=44) in package 0 (error -75)
W/ResourceType( 1684): Failure getting entry for 0x7f02002c (t=1 e=44) in package 0 (error -75)
W/ResourceType( 1684): Failure getting entry for 0x7f02002c (t=1 e=44) in package 0 (error -75)
W/ResourceType( 1684): Failure getting entry for 0x7f02002c (t=1 e=44) in package 0 (error -75)
W/ResourceType( 1684): Failure getting entry for 0x7f02002c (t=1 e=44) in package 0 (error -75)
W/ResourceType( 1684): Failure getting entry for 0x7f02002c (t=1 e=44) in package 0 (error -75)
W/ResourceType( 1684): Failure getting entry for 0x7f02002c (t=1 e=44) in package 0 (error -75)
W/ResourceType( 1684): Failure getting entry for 0x7f02002c (t=1 e=44) in package 0 (error -75)
W/ResourceType( 1684): Failure getting entry for 0x7f02002c (t=1 e=44) in package 0 (error -75)
W/ResourceType( 1684): Failure getting entry for 0x7f02002c (t=1 e=44) in package 0 (error -75)
W/ResourceType( 1684): Failure getting entry for 0x7f02002c (t=1 e=44) in package 0 (error -75)
W/ResourceType( 1684): Failure getting entry for 0x7f02002c (t=1 e=44) in package 0 (error -75)
W/ResourceType( 1684): Failure getting entry for 0x7f02002c (t=1 e=44) in package 0 (error -75)
W/ResourceType( 1684): Failure getting entry for 0x7f02002c (t=1 e=44) in package 0 (error -75)
W/ResourceType( 1684): Failure getting entry for 0x7f02002c (t=1 e=44) in package 0 (error -75)
W/ResourceType( 1684): Failure getting entry for 0x7f02002c (t=1 e=44) in package 0 (error -75)
W/ResourceType( 1684): Failure getting entry for 0x7f02002c (t=1 e=44) in package 0 (error -75)
W/ResourceType( 1684): Failure getting entry for 0x7f02002c (t=1 e=44) in package 0 (error -75)
W/ResourceType( 1684): Failure getting entry for 0x7f02002c (t=1 e=44) in package 0 (error -75)
W/ResourceType( 1684): Failure getting entry for 0x7f02002c (t=1 e=44) in package 0 (error -75)
W/ResourceType( 1684): Failure getting entry for 0x7f02002c (t=1 e=44) in package 0 (error -75) W/Re[ 44.947322] binder: send failed reply for transaction 5207 to 2412:2412 sourceType( 1684): Failure getting entry for 0x7f02002c (t=1 e=44) in package 0 (error -75)
W/ResourceType( 1684): Failure gett[ 44.961516] binder: 2412:2412 transaction failed 29189, size 64-0 ing entry for 0x7f02002c (t=1 e=44) in package 0 (error -75)
W/ResourceType( 1684): Failure getting entry for 0x7f02002c (t=1 e=44) in package 0 (error -75)
W/ResourceType( 1684): Failure getting entry for 0x7f02002c (t=1 e=44) in package 0 (error -75) [ 44.989855] binder: 2412:2412 transaction failed 29189, size 3092-4
W/ResourceType( 1684): Failure getting entry for 0x7f02002c (t=1 e=44) in package 0 (error -75)
W/ResourceType( 1684): Failure getting entry for 0x7f02002c (t=1 e=44) in package 0 (error -75)
W/ResourceType( 1684): Failure getting entry for 0x7f02002c (t=1 e=44) in package 0 (error -75)
W/ResourceType( 1684): Failure getting entry for 0x7f02002c (t=1 e=44) in package 0 (error -75)
W/ResourceType( 1684): Failure getting entry for 0x7f02002c (t=1 e=44) in package 0 (error -75)
W/ResourceType( 1684): Failure getting entry for 0x7f02002c (t=1 e=44) in package 0 (error -75)
W/ResourceType( 1684): Failure getting entry for 0x7f02002c (t=1 e=44) in package 0 (error -75)
W/ResourceType( 1684): Failure getting entry for 0x7f02002c (t=1 e=44) in package 0 (error -75)
W/ResourceType( 1684): Failure getting entry for 0x7f02002c (t=1 e=44) in package 0 (error -75)
W/ResourceType( 1684): Failure getting entry for 0x7f02002c (t=1 e=44) in package 0 (error -75)
W/ResourceType( 1684): Failure getting entry for 0x7f02002c (t=1 e=44) in package 0 (error -75)
W/ResourceType( 1684): Failure getting entry for 0x7f02002c (t=1 e=44) in package 0 (error -75)
W/ResourceType( 1684): Failure getting entry for 0x7f02002c (t=1 e=44) in package 0 (error -75)
W/ResourceType( 1684): Failure getting entry for 0x7f02002c (t=1 e=44) in package 0 (error -75)
W/ResourceType( 1684): Failure getting entry for 0x7f02002c (t=1 e=44) in package 0 (error -75)
W/ResourceType( 1684): Failure getting entry for 0x7f02002c (t=1 e=44) in package 0 (error -75)
W/ResourceType( 1684): Failure getting entry for 0x7f02002c (t=1 e=44) in package 0 (error -75)
W/ResourceType( 1684): Failure getting entry for 0x7f02002c (t=1 e=44) in package 0 (error -75)
W/ResourceType( 1684): Failure getting entry for 0x7f02002c (t=1 e=44) in package 0 (error -75)
W/ResourceType( 1684): Failure getting entry for 0x7f02002c (t=1 e=44) in package 0 (error -75)
W/ResourceType( 1684): Failure getting entry[ 45.169340] alarm_release: clear alarm, pending 0 for 0x7f02002c (t=1 e=44) in package 0 (error -75) I/InputRead[ 45.177860] alarm_release: clear alarm, pending 0 er( 1684): Reconfiguring input devices. changes=0x00000004
I/SystemServer( 1684): Accessibility Manager
I/ActivityManager( 1684): Config changes=15f8 {1.0 ?mcc?mnc en_US ldltr sw720dp w1280dp h695dp 160dpi xlrg long land ?uimode ?night -touch -key}
I/SystemServer( 1684): Mount Service
D/MountService( 1684): got storage path: /mnt/sdcard description: Internal storage primary: true removable: false emulated: false mtpReserve: 10
D/MountService( 1684): addVolumeLocked() StorageVolume [mStorageId=0 mPath=/mnt/sdcard mDescriptionId=17040613 mPrimary=true mRemovable=false m]
D/MountService( 1684): got storage path: /mnt/extsd description: extsd primary: false removable: true emulated: false mtpReserve: 0 allowMassSt0
D/MountService( 1684): addVolumeLocked() StorageVolume [mStorageId=0 mPath=/mnt/extsd mDescriptionId=-1 mPrimary=false mRemovable=true mEmulate]
D/MountService( 1684): got storage path: /mnt/usbhost1 description: usbhost1 primary: false removable: true emulated: false mtpReserve: 0 allow0
D/MountService( 1684): addVolumeLocked() StorageVolume [mStorageId=0 mPath=/mnt/usbhost1 mDescriptionId=-1 mPrimary=false mRemovable=true mEmul]
I/SystemServer( 1684): LockSettingsService
I/SystemServer( 1684): Device Policy
I/SystemServer( 1684): Status Bar
I/SystemServer( 1684): Clipboard Service
I/PackageManager( 1684): Updating external media status from unmounted to unmounted
I/SystemServer( 1684): NetworkManagement Service
I/SystemServer( 1684): Text Service Manager Service
D/MountService( 1684): volume state changed for /mnt/sdcard (null -> unmounted)
D/MountService( 1684): volume state changed for /mnt/extsd (null -> removed)
D/MountService( 1684): volume state changed for /mnt/usbhost1 (null -> removed)
W/MountService( 1684): getSecureContainerList() called when storage not mounted
I/PackageManager( 1684): No secure containers on sdcard
I/SystemServer( 1684): NetworkStats Service
W/PackageManager( 1684): Unknown permission android.permission.ADD_SYSTEM_SERVICE in package com.android.phone
I/SystemServer( 1684): NetworkPolicy Service
W/PackageManager( 1684): Unknown permission com.android.vending.billing.IBillingAccountService.BIND2 in package com.google.android.gsf.login
W/PackageManager( 1684): Unknown permission com.android.chrome.TOS_ACKED in package com.google.android.gsf.login
W/PackageManager( 1684): Not granting permission android.permission.SEND_DOWNLOAD_COMPLETED_INTENTS to package com.android.browser (protectionL)
W/PackageManager( 1684): Not granting permission android.permission.DEVICE_POWER to package com.softwinner.explore (protectionLevel=2 flags=0x8)
W/PackageManager( 1684): Unknown permission com.google.android.gallery3d.permission.PICASA_STORE in package com.android.dreams.phototable
W/PackageManager( 1684): Unknown permission com.google.android.voicesearch.SHORTCUTS_ACCESS in package com.google.android.googlequicksearchbox
W/PackageManager( 1684): Unknown permission com.google.googlenav.friend.permission.OPT_IN in package com.google.android.googlequicksearchbox
W/PackageManager( 1684): Unknown permission com.google.android.apps.maps.permission.PREFETCH in package com.google.android.googlequicksearchbox
W/PackageManager( 1684): Unknown permission com.google.android.apps.googlevoice.permission.AUTO_SEND in package com.google.android.googlequicksx
W/PackageManager( 1684): Not granting permission android.permission.SEND_DOWNLOAD_COMPLETED_INT[ 45.520488] init: waitpid returned pid 2127, 9 ENTS to package com.android.vending (protectionLevel=2 flags=0x8[ 45.526726] init: process 'zygote', pid 2127 exited 28445)
W/PackageManager( 1684): Unknown permission com.google.a[ 45.537197] init: process 'zygote' killing any children in process group ndroid.gallery3d.permission.GALLERY_PROVIDER in package com.andr[ 45.549897] request_suspend_state: wakeup (0->0) at 45540866523 (2000-01-01 ) oid.exchange
W/PackageManager( 1684): Unknown permission com.go[ 45.564218] init: service 'media' is being killed ogle.android.gallery3d.permission.GALLERY_PROVIDER in package co[ 45.578926] init: starting 'media' m.google.android.gm
W/PackageManager( 1684): Unknown permission[ 45.583918] init: service 'netd' is being killed com.google.android.gallery3d.permission.GALLERY_PROVIDER in pac[ 45.596307] init: starting 'netd' kage com.android.email
W/PackageManager( 1684): Not granting permission android.permission.DEVICE_POWER to package com.android.deskclock (protectionLevel=2 flags=0x80) I/SystemServer( 16[ 45.603417] init: waitpid returned pid 2125, status = 00000009 [ 45.603449] init: untracked pid 2125 exited [ 45.603515] init: waitpid returned pid 2126, status = 00000009 [ 45.603531] init: untracked pid 2126 exited [ 45.603581] init: starting 'zygote' [ 45.604863] init: Created socket '/dev/socket/mdns' with mode '660', user '0', group '1000' [ 45.605024] init: Created socket '/dev/socket/dnsproxyd' with mode '660', user '0', group '3003' [ 45.605150] init: Created socket '/dev/socket/netd' with mode '660', user '0', group '1000' [ 45.609757] init: Created socket '/dev/socket/zygote' with mode '660', user '0', group '1000' 84): Wi-Fi P2pService
W/PackageManager( 1684): Not granting permission android.permission.READ_DREAM_STATE to package com.google.android.gsf (protectionLevel=2 flags)
D/dalvikvm( 1684): GC_CONCURRENT freed 366K, 13% free 3970K/4524K, paused 2ms+3ms, total 37ms
D/dalvikvm( 1684): WAIT_FOR_CONCURRENT_GC blocked 18ms
I/SystemServer( 1684): Ethernet Service
I/EthernetService( 1684): EthernetService Starting......
I/SystemServer( 1684): Wi-Fi Service
E/CommandListener( 1069): Failed to open /proc/sys/net/ipv6/conf/wlan0/disable_ipv6: No such file or directory
E/WifiStateMachine( 1684): Failed to disable IPv6: java.lang.IllegalStateException: command '2 interface ipv6 wlan0 disable' failed with '400 2'
I/SystemServer( 1684): Connectivity Service
D/ConnectivityService( 1684): ConnectivityService starting up
E/SHUGE ( 1684): mEthManage is OKKKKKKKKKKKKKKKKKKKKKKKKKKKKKKKKKKKKKKK
E/MobileDataStateTracker( 1684): default: Ignoring feature request because could not acquire PhoneService
E/MobileDataStateTracker( 1684): default: Could not enable APN type "default"
I/WifiService( 1684): WifiService starting up with Wi-Fi disabled
I/SystemServer( 1684): Network Service Discovery Service
D/NsdService( 1684): Network service discovery enabled true
I/SystemServer( 1684): Throttle Service
I/SystemServer( 1684): UpdateLock Service
D/dalvikvm( 1684): GC_CONCURRENT freed 315K, 11% free 4112K/4616K, paused 2ms+3ms, total 37ms
I/SystemServer( 1684): Notification Manager
I/SystemServer( 1684): Device Storage Monitor
I/SystemServer( 1684): Location Manager
I/SystemServer( 1684): Country Detector
I/SystemServer( 1684): Search Service
I/SystemServer( 1684): DropBox Service
I/SystemServer( 1684): Wallpaper Service
W/WallpaperService( 1684): no current wallpaper -- first boot?
I/SystemServer( 1684): Audio Service
W/ResourceType( 1684): Failure getting entry for 0x010804d6 (t=7 e=1238) in package 0 (error -75)
W/ResourceType( 1684): Failure getting entry for 0x010804d6 (t=7 e=1238) in package 0 (error -75)
W/ResourceType( 1684): Failure getting entry for 0x010804d6 (t=7 e=1238) in package 0 (error -75)
W/ResourceType( 1684): Failure getting entry for 0x010804d6 (t=7 e=1238) in package 0 (error -75)
W/ResourceType( 1684): Failure getting entry for 0x01080224 (t=7 e=548) in package 0 (error -75)
W/SystemServer( 1684): ***********************************************
F/SystemServer( 1684): BOOT FAILURE starting Audio Service
F/SystemServer( 1684): android.view.InflateException: Binary XML file line #20: Error inflating class android.widget.LinearLayout
F/SystemServer( 1684): at android.view.LayoutInflater.createView(LayoutInflater.java:616)
F/SystemServer( 1684): at com.android.internal.policy.impl.PhoneLayoutInflater.onCreateView(PhoneLayoutInflater.java:56)
F/SystemServer( 1684): at android.view.LayoutInflater.onCreateView(LayoutInflater.java:663)
F/SystemServer( 1684): at android.view.LayoutInflater.createViewFromTag(LayoutInflater.java:688)
F/SystemServer( 1684): at android.view.LayoutInflater.rInflate(LayoutInflater.java:754)
F/SystemServer( 1684): at android.view.LayoutInflater.inflate(LayoutInflater.java:492)
F/SystemServer( 1684): at android.view.LayoutInflater.inflate(LayoutInflater.java:397)
F/SystemServer( 1684): at android.view.LayoutInflater.inflate(LayoutInflater.java:353)
F/SystemServer( 1684): at android.view.VolumePanel.(VolumePanel.java:265)
F/SystemServer( 1684): at android.media.AudioService.(AudioService.java:467)
F/SystemServer( 1684): at com.android.server.ServerThread.run(SystemServer.java:652)
F/SystemServer( 1684): Caused by: java.lang.reflect.InvocationTargetException
F/SystemServer( 1684): at java.lang.reflect.Constructor.constructNative(Native Method)
F/SystemServer( 1684): at java.lang.reflect.Constructor.newInstance(Constructor.java:417)
F/SystemServer( 1684): at android.view.LayoutInflater.createView(LayoutInflater.java:590)
F/SystemServer( 1684): ... 10 more
F/SystemServer( 1684): Caused by: android.content.res.Resources$NotFoundException: Resource is not a Drawable (color or path): TypedValue{t=0x1}
F/SystemServer( 1684): at android.content.res.Resources.loadDrawable(Resources.java:1947)
F/SystemServer( 1684): at android.content.res.TypedArray.getDrawable(TypedArray.java:601)
F/SystemServer( 1684): at android.view.View.(View.java:3332)
F/SystemServer( 1684): at android.view.ViewGroup.(ViewGroup.java:431)
F/SystemServer( 1684): at android.widget.LinearLayout.(LinearLayout.java:176)
F/SystemServer( 1684): at android.widget.LinearLayout.(LinearLayout.java:172)
F/SystemServer( 1684): ... 13 more
D/dalvikvm( 1684): GC_CONCURRENT freed 242K, 9% free 4385K/4808K, paused 3ms+3ms, total 39ms
D/dalvikvm( 1684): WAIT_FOR_CONCURRENT_GC blocked 24ms
I/SystemServer( 1684): Dock Observer
W/DockObserver( 1684): This kernel does not have dock station support
I/SystemServer( 1684): Wired Accessory Manager
W/WiredAccessoryManager( 1684): This kernel does not have wired headset support
W/WiredAccessoryManager( 1684): This kernel does not have usb audio support
I/SystemServer( 1684): USB Service
D/dalvikvm( 1684): GC_CONCURRENT freed 396K, 12% free 4450K/5032K, paused 3ms+3ms, total 46ms
I/SystemServer( 1684): Serial Service
I/SystemServer( 1684): Twilight Service
I/SystemServer( 1684): UI Mode Manager Service
I/SystemServer( 1684): Backup Service
V/BackupManagerService( 1684): No ancestral data
I/BackupManagerService( 1684): Found stale backup journal, scheduling
I/BackupManagerService( 1684): android
I/BackupManagerService( 1684): com.android.browser
I/BackupManagerService( 1684): com.android.calendar
I/BackupManagerService( 1684): com.android.inputmethod.latin
I/BackupManagerService( 1684): com.android.providers.settings
I/BackupManagerService( 1684): com.android.providers.userdictionary
I/BackupManagerService( 1684): com.android.sharedstoragebackup
I/BackupManagerService( 1684): com.android.vending
I/BackupManagerService( 1684): com.google.android.gm
I/BackupManagerService( 1684): com.google.android.marvin.talkback
I/BackupManagerService( 1684): Found stale backup journal, scheduling
I/BackupManagerService( 1684): android
I/BackupManagerService( 1684): com.android.browser
I/BackupManagerService( 1684): com.android.calendar
I/BackupManagerService( 1684): com.android.inputmethod.latin
I/BackupManagerService( 1684): com.android.providers.settings
I/BackupManagerService( 1684): com.android.providers.userdictionary
I/BackupManagerService( 1684): com.android.sharedstoragebackup
I/BackupManagerService( 1684): com.android.vending
I/BackupManagerService( 1684): com.google.android.gm
I/BackupManagerService( 1684): com.google.android.marvin.talkback
I/BackupManagerService( 1684): Backup enabled => false
I/SystemServer( 1684): AppWidget Service
I/SystemServer( 1684): Recognition Service
I/SystemServer( 1684): DiskStats Service
I/SystemServer( 1684): SamplingProfiler Service
I/WindowManager( 1684): SAFE MODE not enabled
D/dalvikvm( 1684): JIT started for system_server
I/SystemServer( 1684): NetworkTimeUpdateService
I/SystemServer( 1684): CommonTimeManagementService
I/SystemServer( 1684): CertBlacklister
I/SystemServer( 1684): Dreams Service
I/ActivityManager( 1684): System now ready
I/SystemServer( 1684): Making services ready
I/Zygote ( 1684): Process: zygote socket opened
W/ResourceType( 1684): Failure getting entry for 0x010804d6 (t=7 e=1238) in package 0 (error -75)
W/ResourceType( 1684): Failure getting entry for 0x010804d6 (t=7 e=1238) in package 0 (error -75)
I/ActivityManager( 1684): Start proc com.android.systemui for service com.android.systemui/.SystemUIService: pid=1754 uid=10044 gids={50044, 10}
D/NetworkManagementService( 1684): enabling bandwidth control
I/Vold ( 1068): Volume::mountVol state : 1
I/Vold ( 1068): Volume::mountVol: mMountpoint /mnt/sdcard
I/Vold ( 1068): /dev/block/vold/179:1 being considered for volume sdcard
D/Vold ( 1068): Volume sdcard state changing 1 (Idle-Unmounted) -> 3 (Checking)
I/Vold ( 1068): Exfat::check
D/MountService( 1684): volume state changed for /mnt/sdcard (unmounted -> checking)
W/ResourceType( 1684): Failure getting entry for 0x010804d6 (t=7 e=1238) in package 0 (error -75)
W/ResourceType( 1684): Failure getting entry for 0x010804d6 (t=7 e=1238) in package 0 (error -75)
D/dalvikvm( 1684): GC_CONCURRENT freed 364K, 11% free 4615K/5152K, paused 2ms+6ms, total 92ms
W/ResourceType( 1684): Failure getting entry for 0x010804d6 (t=7 e=1238) in package 0 (error -75)
W/ResourceType( 1684): Failure getting entry for 0x010804d6 (t=7 e=1238) in package 0 (error -75)
D/MountService( 1684): sendStorageIntent Intent { act=android.intent.action.MEDIA_CHECKING dat=file:///mnt/sdcard (has extras) } to UserHandle{}
W/ResourceType( 1684): Failure getting entry for 0x010803c5 (t=7 e=965) in package 0 (error -75)
W/ResourceType( 1684): Failure getting entry for 0x010805c9 (t=7 e=1481) in package 0 (error -75)
W/ResourceType( 1684): Failure getting entry for 0x010805cb (t=7 e=1483) in package 0 (error -75)
W/ResourceType( 1684): Failure getting entry for 0x010805ca (t=7 e=1482) in package 0 (error -75)
W/ResourceType( 1684): Failure getting entry for 0x010805c4 (t=7 e=1476) in package 0 (error -75)
W/dalvikvm( 1684): threadid=12: thread exiting with uncaught exception (group=0x41184930)
E/Trace ( 1754): error opening trace file: No such file or directory (2)
E/AndroidRuntime( 1684): *** FATAL EXCEPTION IN SYSTEM PROCESS: UI
E/AndroidRuntime( 1684): android.view.InflateException: Binary XML file line #19: Error inflating class android.widget.TextView
E/AndroidRuntime( 1684): at android.view.LayoutInflater.createView(LayoutInflater.java:616)
E/AndroidRuntime( 1684): at com.android.internal.policy.impl.PhoneLayoutInflater.onCreateView(PhoneLayoutInflater.java:56)
E/AndroidRuntime( 1684): at android.view.LayoutInflater.onCreateView(LayoutInflater.java:663)
E/AndroidRuntime( 1684): at android.view.LayoutInflater.createViewFromTag(LayoutInflater.java:688)
E/AndroidRuntime( 1684): at android.view.LayoutInflater.parseInclude(LayoutInflater.java:836)
E/AndroidRuntime( 1684): at android.view.LayoutInflater.rInflate(LayoutInflater.java:743)
E/AndroidRuntime( 1684): at android.view.LayoutInflater.rInflate(LayoutInflater.java:757)
E/AndroidRuntime( 1684): at android.view.LayoutInflater.inflate(LayoutInflater.java:492)
E/AndroidRuntime( 1684): at android.view.LayoutInflater.inflate(LayoutInflater.java:397)
E/AndroidRuntime( 1684): at com.android.internal.policy.impl.keyguard.KeyguardViewManager.inflateKeyguardView(KeyguardViewManager.java:2)
E/AndroidRuntime( 1684): at com.android.internal.policy.impl.keyguard.KeyguardViewManager.maybeCreateKeyguardLocked(KeyguardViewManager.)
E/AndroidRuntime( 1684): at com.android.internal.policy.impl.keyguard.KeyguardViewManager.show(KeyguardViewManager.java:101)
E/AndroidRuntime( 1684): at com.android.internal.policy.impl.keyguard.KeyguardViewMediator.handleShow(KeyguardViewMediator.java:1231)
E/AndroidRuntime( 1684): at com.android.internal.policy.impl.keyguard.KeyguardViewMediator.access$1400(KeyguardViewMediator.java:97)
E/AndroidRuntime( 1684): at com.android.internal.policy.impl.keyguard.KeyguardViewMediator$4.handleMessage(KeyguardViewMediator.java:110)
E/AndroidRuntime( 1684): at android.os.Handler.dispatchMessage(Handler.java:99)
E/AndroidRuntime( 1684): at android.os.Looper.loop(Looper.java:137)
E/AndroidRuntime( 1684): at android.os.HandlerThread.run(HandlerThread.java:60)
E/AndroidRuntime( 1684): Caused by: java.lang.reflect.InvocationTargetException
E/AndroidRuntime( 1684): at java.lang.reflect.Constructor.constructNative(Native Method)
E/AndroidRuntime( 1684): at java.lang.reflect.Constructor.newInstance(Constructor.java:417)
E/AndroidRuntime( 1684): at android.view.LayoutInflater.createView(LayoutInflater.java:590)
E/AndroidRuntime( 1684): ... 17 more
E/AndroidRuntime( 1684): Caused by: android.content.res.Resources$NotFoundException: Resource is not a Drawable (color or path): TypedValue{t=0}
E/AndroidRuntime( 1684): at android.content.res.Resources.loadDrawable(Resources.java:1947)
E/AndroidRuntime( 1684): at android.content.res.TypedArray.getDrawable(TypedArray.java:601)
E/AndroidRuntime( 1684): at android.widget.TextView.(TextView.java:750)
E/AndroidRuntime( 1684): at android.widget.TextView.(TextView.java:578)
E/AndroidRuntime( 1684): ... 20 more
I//system/bin/fsck.exfat( 1068): exfatfsck 0.9.5
I/Process ( 1684): Sending signal. PID: 1684 SIG: 9
I//system/bin/fsck.exfat( 1068): ERROR: exFAT file system is not found.
I/logwrapper( 1068): /system/bin/fsck.exfat terminated by exit(1)
E/Vold ( 1068): Filesystem check failed (unknown exit code 1)
I//system/bin/fsck_msdos( 1068): ** /dev/block/vold/179:1
I//system/bin/fsck_msdos( 1068): /dev/block/vold/179:1: FILESYSTEM CLEAN; SKIPPING CHECKS
I/Vold ( 1068): Filesystem check completed OK
E/installd( 1077): eof
E/installd( 1077): failed to read size
I/installd( 1077): closing connection
I/ServiceManager( 1067): service 'commontime_management' died
I/ServiceManager( 1067): service 'devicestoragemonitor' died
I/ServiceManager( 1067): service 'location' died
I/ServiceManager( 1067): service 'country_detector' died
I/ServiceManager( 1067): service 'meminfo' died
I/ServiceManager( 1067): service 'connectivity' died
I/ServiceManager( 1067): service 'input' died
I/ServiceManager( 1067): service 'search' died
I/ServiceManager( 1067): service 'notification' died
I/ServiceManager( 1067): service 'uimode' died
I/ServiceManager( 1067): service 'input_method' died
I/ServiceManager( 1067): service 'wifi' died
I/ServiceManager( 1067): service 'statusbar' died
I/ServiceManager( 1067): service 'netstats' died
I/ServiceManager( 1067): service 'wifip2p' died
I/ServiceManager( 1067): service 'bluetooth_manager' died
I/ServiceManager( 1067): service 'account' died
I/ServiceManager( 1067): service 'package' died
I/ServiceManager( 1067): service 'accessibility' died
I/ServiceManager( 1067): service 'ethernet' died
I/ServiceManager( 1067): service 'netpolicy' died
I/ServiceManager( 1067): service 'throttle' died
I/ServiceManager( 1067): service 'updatelock' died
I/ServiceManager( 1067): service 'content' died
I/ServiceManager( 1067): service 'window' died
I/ServiceManager( 1067): service 'hardware' died
I/ServiceManager( 1067): service 'DynamicPManager' died
I/ServiceManager( 1067): service 'vibrator' died
I/ServiceManager( 1067): service 'alarm' died
I/ServiceManager( 1067): service 'clipboard' died
I/ServiceManager( 1067): service 'diskstats' died
I/ServiceManager( 1067): service 'dreams' died
I/ServiceManager( 1067): service 'samplingprofiler' died
I/ServiceManager( 1067): service 'usb' died
I/ServiceManager( 1067): service 'serial' died
I/ServiceManager( 1067): service 'mount' died
I/ServiceManager( 1067): service 'gfxinfo' died
I/ServiceManager( 1067): service 'device_policy' died
I/ServiceManager( 1067): service 'cpuinfo' died
I/ServiceManager( 1067): service 'dbinfo' died
I/ServiceManager( 1067): service 'permission' died
I/ServiceManager( 1067): service 'user' died
I/ServiceManager( 1067): service 'dropbox' died
I/ServiceManager( 1067): service 'wallpaper' died
I/ServiceManager( 1067): service 'backup' died
I/ServiceManager( 1067): service 'servicediscovery' died
I/ServiceManager( 1067): service 'textservices' died
I/ServiceManager( 1067): service 'sensorservice' died
I/ServiceManager( 1067): service 'entropy' died
I/ServiceManager( 1067): service 'power' died
I/ServiceManager( 1067): service 'batteryinfo' died
I/ServiceManager( 1067): service 'usagestats' died
I/ServiceManager( 1067): service 'display' died
I/ServiceManager( 1067): service 'activity' died
I/ServiceManager( 1067): service 'telephony.registry' died
I/ServiceManager( 1067): service 'scheduling_policy' died
I/ServiceManager( 1067): service 'lock_settings' died
I/ServiceManager( 1067): service 'network_management' died
I/ServiceManager( 1067): service 'battery' died
I/ServiceManager( 1067): service 'appwidget' died
D/AndroidRuntime( 1754): Shutting down VM
W/dalvikvm( 1754): threadid=1: thread exiting with uncaught exception (group=0x41184930)
E/AndroidRuntime( 1754): FATAL EXCEPTION: main
E/AndroidRuntime( 1754): java.lang.AssertionError: android.os.DeadObjectException
E/AndroidRuntime( 1754): at android.app.LoadedApk.initializeJavaContextClassLoader(LoadedApk.java:365)
E/AndroidRuntime( 1754): at android.app.LoadedApk.getClassLoader(LoadedApk.java:322)
E/AndroidRuntime( 1754): at android.app.LoadedApk.makeApplication(LoadedApk.java:496)
E/AndroidRuntime( 1754): at android.app.ActivityThread.handleBindApplication(ActivityThread.java:4364)
E/AndroidRuntime( 1754): at android.app.ActivityThread.access$1300(ActivityThread.java:141)
E/AndroidRuntime( 1754): at android.app.ActivityThread$H.handleMessage(ActivityThread.java:1294)
E/AndroidRuntime( 1754): at android.os.Handler.dispatchMessage(Handler.java:99)
E/AndroidRuntime( 1754): at android.os.Looper.loop(Looper.java:137)
E/AndroidRuntime( 1754): at android.app.ActivityThread.main(ActivityThread.java:5041)
E/AndroidRuntime( 1754): at java.lang.reflect.Method.invokeNative(Native Method)
E/AndroidRuntime( 1754): at java.lang.reflect.Method.invoke(Method.java:511)
E/AndroidRuntime( 1754): at com.android.internal.os.ZygoteInit$MethodAndArgsCaller.run(ZygoteInit.java:793)
E/AndroidRuntime( 1754): at com.android.internal.os.ZygoteInit.main(ZygoteInit.java:560)
E/AndroidRuntime( 1754): at dalvik.system.NativeStart.main(Native Method)
E/AndroidRuntime( 1754): Caused by: android.os.DeadObjectException
E/AndroidRuntime( 1754): at android.os.BinderProxy.transact(Native Method)
E/AndroidRuntime( 1754): at android.content.pm.IPackageManager$Stub$Proxy.getPackageInfo(IPackageManager.java:1362)
E/AndroidRuntime( 1754): at android.app.LoadedApk.initializeJavaContextClassLoader(LoadedApk.java:363)
E/AndroidRuntime( 1754): ... 13 more
I/Process ( 1754): Sending signal. PID: 1754 SIG: 9
E/AndroidRuntime( 1754): Error reporting crash
E/AndroidRuntime( 1754): android.os.DeadObjectException
E/AndroidRuntime( 1754): at android.os.BinderProxy.transact(Native Method)
E/AndroidRuntime( 1754): at android.app.ActivityManagerProxy.handleApplicationCrash(ActivityManagerNative.java:3341)
E/AndroidRuntime( 1754): at com.android.internal.os.RuntimeInit$UncaughtHandler.uncaughtException(RuntimeInit.java:76)
E/AndroidRuntime( 1754): at java.lang.ThreadGroup.uncaughtException(ThreadGroup.java:693)
E/AndroidRuntime( 1754): at java.lang.ThreadGroup.uncaughtException(ThreadGroup.java:690)
E/AndroidRuntime( 1754): at dalvik.system.NativeStart.main(Native Method)
I/Vold ( 1068): Device /dev/block/vold/179:1, target /mnt/sdcard mounted @ /mnt/secure/staging
D/Vold ( 1068): Moved mount /mnt/secure/staging -> /mnt/sdcard sucessfully
D/Vold ( 1068): Volume sdcard state changing 3 (Checking) -> 4 (Mounted)
I/Zygote ( 1073): Exit zygote because system server (1684) has terminated
E/FrameworkListener( 1069): read() failed (Connection reset by peer)
E/FrameworkListener( 1068): read() failed (Connection reset by peer)
I/ServiceManager( 1067): service 'media.audio_policy' died
I/ServiceManager( 1067): service 'media.audio_flinger' died
I/ServiceManager( 1067): service 'media.player' died
I/ServiceManager( 1067): service 'media.camera' died
I/Netd ( 1799): Netd 1.0 starting
W/InterfaceController( 1799): Warning (Cannot load library: load_library(linker.cpp:745): library "/system/lib/libnetcmdiface.so" not found) why
I/mediaserver( 1798): ServiceManager: 0x40dceeb8
I/AudioFlinger( 1798): Using default 3000 mSec as standby time.
I/CameraService( 1798): CameraService started (pid=1798)
E/CameraService( 1798): Could not load camera HAL module
V/AudioPolicyManagerBase( 1798): stringToEnum() found AUDIO_DEVICE_OUT_EARPIECE
V/AudioPolicyManagerBase( 1798): stringToEnum() found AUDIO_DEVICE_OUT_SPEAKER
V/AudioPolicyManagerBase( 1798): loadGlobalConfig() mAttachedOutputDevices 0003
V/AudioPolicyManagerBase( 1798): stringToEnum() found AUDIO_DEVICE_OUT_SPEAKER
V/AudioPolicyManagerBase( 1798): loadGlobalConfig() mDefaultOutputDevice 0002
V/AudioPolicyManagerBase( 1798): stringToEnum() found AUDIO_DEVICE_IN_BUILTIN_MIC
V/AudioPolicyManagerBase( 1798): stringToEnum() found AUDIO_DEVICE_IN_BACK_MIC
V/AudioPolicyManagerBase( 1798): loadGlobalConfig() mAvailableInputDevices 0084
V/AudioPolicyManagerBase( 1798): loadHwModules() loading module primary
V/AudioPolicyManagerBase( 1798): loadHwModule() loading output primary
V/AudioPolicyManagerBase( 1798): loadSamplingRates() adding rate 44100
V/AudioPolicyManagerBase( 1798): loadOutChannels() AUDIO_CHANNEL_OUT_STEREO
V/AudioPolicyManagerBase( 1798): stringToEnum() found AUDIO_CHANNEL_OUT_STEREO
V/AudioPolicyManagerBase( 1798): stringToEnum() found AUDIO_FORMAT_PCM_16_BIT
V/AudioPolicyManagerBase( 1798): stringToEnum() found AUDIO_DEVICE_OUT_EARPIECE
V/AudioPolicyManagerBase( 1798): stringToEnum() found AUDIO_DEVICE_OUT_SPEAKER
V/AudioPolicyManagerBase( 1798): stringToEnum() found AUDIO_DEVICE_OUT_WIRED_HEADSET
V/AudioPolicyManagerBase( 1798): stringToEnum() found AUDIO_DEVICE_OUT_WIRED_HEADPHONE
V/AudioPolicyManagerBase( 1798): stringToEnum() found AUDIO_DEVICE_OUT_ALL_SCO
V/AudioPolicyManagerBase( 1798): stringToEnum() found AUDIO_DEVICE_OUT_AUX_DIGITAL
V/AudioPolicyManagerBase( 1798): stringToEnum() found AUDIO_DEVICE_OUT_DGTL_DOCK_HEADSET
V/AudioPolicyManagerBase( 1798): stringToEnum() found AUDIO_OUTPUT_FLAG_PRIMARY
V/AudioPolicyManagerBase( 1798): loadOutput() adding output mSupportedDevices 147f, mFlags 0002
V/AudioPolicyManagerBase( 1798): loadHwModule() loading output hdmi
V/AudioPolicyManagerBase( 1798): loadSamplingRates() adding rate 44100
V/AudioPolicyManagerBase( 1798): loadSamplingRates() adding rate 48000
V/AudioPolicyManagerBase( 1798): loadOutChannels() dynamic
V/AudioPolicyManagerBase( 1798): stringToEnum() found AUDIO_FORMAT_PCM_16_BIT
V/AudioPolicyManagerBase( 1798): stringToEnum() found AUDIO_DEVICE_OUT_AUX_DIGITAL
V/AudioPolicyManagerBase( 1798): stringToEnum() found AUDIO_OUTPUT_FLAG_DIRECT
V/AudioPolicyManagerBase( 1798): loadOutput() adding output mSupportedDevices 0400, mFlags 0001
V/AudioPolicyManagerBase( 1798): loadHwModule() loading input primary
V/AudioPolicyManagerBase( 1798): loadSamplingRates() adding rate 8000
V/AudioPolicyManagerBase( 1798): loadSamplingRates() adding rate 11025
V/AudioPolicyManagerBase( 1798): loadSamplingRates() adding rate 16000
V/AudioPolicyManagerBase( 1798): loadSamplingRates() adding rate 22050
V/AudioPolicyManagerBase( 1798): loadSamplingRates() adding rate 24000
V/AudioPolicyManagerBase( 1798): loadSamplingRates() adding rate 32000
V/AudioPolicyManagerBase( 1798): loadSamplingRates() adding rate 44100
V/AudioPolicyManagerBase( 1798): loadSamplingRates() adding rate 48000
V/AudioPolicyManagerBase( 1798): loadInChannels() AUDIO_CHANNEL_IN_MONO
V/AudioPolicyManagerBase( 1798): stringToEnum() found AUDIO_CHANNEL_IN_MONO
V/AudioPolicyManagerBase( 1798): loadInChannels() adding channelMask 0010
V/AudioPolicyManagerBase( 1798): stringToEnum() found AUDIO_CHANNEL_IN_STEREO
V/AudioPolicyManagerBase( 1798): loadInChannels() adding channelMask 000c
V/AudioPolicyManagerBase( 1798): stringToEnum() found AUDIO_FORMAT_PCM_16_BIT
V/AudioPolicyManagerBase( 1798): stringToEnum() found AUDIO_DEVICE_IN_BUILTIN_MIC
V/AudioPolicyManagerBase( 1798): stringToEnum() found AUDIO_DEVICE_IN_BLUETOOTH_SCO_HEADSET
V/AudioPolicyManagerBase( 1798): stringToEnum() found AUDIO_DEVICE_IN_WIRED_HEADSET
V/AudioPolicyManagerBase( 1798): stringToEnum() found AUDIO_DEVICE_IN_BACK_MIC
V/AudioPolicyManagerBase( 1798): stringToEnum() found AUDIO_DEVICE_IN_AF
V/AudioPolicyManagerBase( 1798): loadInput() adding input mSupportedDevices 8100009c
V/AudioPolicyManagerBase( 1798): loadHwModules() loading module a2dp
V/AudioPolicyManagerBase( 1798): loadHwModule() loading output a2dp
V/AudioPolicyManagerBase( 1798): loadSamplingRates() adding rate 44100
V/AudioPolicyManagerBase( 1798): loadOutChannels() AUDIO_CHANNEL_OUT_STEREO
V/AudioPolicyManagerBase( 1798): stringToEnum() found AUDIO_CHANNEL_OUT_STEREO
V/AudioPolicyManagerBase( 1798): stringToEnum() found AUDIO_FORMAT_PCM_16_BIT
V/AudioPolicyManagerBase( 1798): stringToEnum() found AUDIO_DEVICE_OUT_ALL_A2DP
V/AudioPolicyManagerBase( 1798): loadOutput() adding output mSupportedDevices 0380, mFlags 0000
V/AudioPolicyManagerBase( 1798): loadHwModules() loading module usb
V/AudioPolicyManagerBase( 1798): loadHwModule() loading output usb_accessory
V/AudioPolicyManagerBase( 1798): loadSamplingRates() adding rate 44100
V/AudioPolicyManagerBase( 1798): loadOutChannels() AUDIO_CHANNEL_OUT_STEREO
V/AudioPolicyManagerBase( 1798): stringToEnum() found AUDIO_CHANNEL_OUT_STEREO
V/AudioPolicyManagerBase( 1798): stringToEnum() found AUDIO_FORMAT_PCM_16_BIT
V/AudioPolicyManagerBase( 1798): stringToEnum() found AUDIO_DEVICE_OUT_USB_ACCESSORY
V/AudioPolicyManagerBase( 1798): loadOutput() adding output mSupportedDevices 2000, mFlags 0000
V/AudioPolicyManagerBase( 1798): loadHwModule() loading output usb_device
V/AudioPolicyManagerBase( 1798): loadSamplingRates() adding rate 44100
V/AudioPolicyManagerBase( 1798): loadOutChannels() AUDIO_CHANNEL_OUT_STEREO
V/AudioPolicyManagerBase( 1798): stringToEnum() found AUDIO_CHANNEL_OUT_STEREO
V/AudioPolicyManagerBase( 1798): stringToEnum() found AUDIO_FORMAT_PCM_16_BIT
V/AudioPolicyManagerBase( 1798): stringToEnum() found AUDIO_DEVICE_OUT_USB_DEVICE
V/AudioPolicyManagerBase( 1798): loadOutput() adding output mSupportedDevices 4000, mFlags 0000
I/AudioPolicyManagerBase( 1798): loadAudioPolicyConfig() loaded /system/etc/audio_policy.conf
I/AudioFlinger( 1798): loadHwModule() Loaded primary audio interface from Default audio HW HAL (audio) handle 1
I/AudioFlinger( 1798): HAL output buffer size 1024 frames, normal mix buffer size 1024 frames
I/AudioMixer( 1798): found effect "Multichannel Downmix To Stereo" from The Android Open Source Project
I/AudioFlinger( 1798): Using module 1 has the primary audio interface
V/AudioPolicyManagerBase( 1798): setOutputDevice() output 2 device 0002 delayMs 0
V/AudioPolicyManagerBase( 1798): setOutputDevice() prevDevice 0002
V/AudioPolicyManagerBase( 1798): setOutputDevice() changing device
I/AudioFlinger( 1798): AudioFlinger's thread 0x410ea008 ready to run
W/AudioFlinger( 1798): Thread AudioOut_2 cannot connect to the power manager service
V/AudioPolicyManagerBase( 1798): checkAndSetVolume() cannot set stream 6 volume with force use = 0 for comm
I/audio_a2dp_hw( 1798): adev_open: adev_open in A2dp_hw module
I/AudioFlinger( 1798): loadHwModule() Loaded a2dp audio interface from A2DP Audio HW HAL (audio) handle 3
E/AudioFlinger( 1798): int android::load_audio_interface(char const*, audio_hw_device_t**) couldn't load audio hw module audio.usb (No such fil)
I/AudioFlinger( 1798): loadHwModule() error -2 loading module usb
W/AudioPolicyManagerBase( 1798): could not open HW module usb
I/AudioPolicyService( 1798): Loaded audio policy from LEGACY Audio Policy HAL (audio_policy)
D/AndroidRuntime( 1800):
D/AndroidRuntime( 1800): >>>>>> AndroidRuntime START com.android.internal.os.ZygoteInit <<<<<<
D/AndroidRuntime( 1800): CheckJNI is OFF
D/dalvikvm( 1800): Trying to load lib libjavacore.so 0x0
D/dalvikvm( 1800): Added shared lib libjavacore.so 0x0
D/dalvikvm( 1800): Trying to load lib libnativehelper.so 0x0
D/dalvikvm( 1800): Added shared lib libnativehelper.so 0x0
I/SamplingProfilerIntegration( 1800): Profiling disabled.
I/Zygote ( 1800): Preloading classes...
D/dalvikvm( 1800): GC_EXPLICIT freed 36K, 9% free 419K/460K, paused 1ms+0ms, total 6ms
D/dalvikvm( 1800): GC_EXPLICIT freed 3K, 5% free 487K/512K, paused 1ms+1ms, total 4ms
D/dalvikvm( 1800): Note: class Landroid/app/ActivityManagerNative; has 157 unimplemented (abstract) methods
D/dalvikvm( 1800): GC_EXPLICIT freed 21K, 5% free 526K/552K, paused 1ms+3ms, total 8ms
D/dalvikvm( 1800): GC_EXPLICIT freed 26K, 6% free 554K/584K, paused 1ms+0ms, total 5ms
W/Zygote ( 1800): Class not found for preloading: android.bluetooth.BluetoothAudioGateway
W/Zygote ( 1800): Class not found for preloading: android.bluetooth.HeadsetBase
W/Zygote ( 1800): Class not found for preloading: undroid.content.AbstractThreadedSyncAdapter$SyncThread
D/dalvikvm( 1800): GC_EXPLICIT freed 23K, 5% free 604K/632K, paused 0ms+0ms, total 4ms
D/dalvikvm( 1800): GC_EXPLICIT freed 26K, 5% free 632K/660K, paused 1ms+0ms, total 7ms
D/dalvikvm( 1800): GC_EXPLICIT freed 60K, 9% free 723K/788K, paused 0ms+1ms, total 5ms
D/dalvikvm( 1800): GC_EXPLICIT freed 31K, 5% free 748K/788K, paused 0ms+0ms, total 6ms
D/TextLayoutCache( 1800): Using debug level = 0 - Debug Enabled = 0
D/dalvikvm( 1800): GC_EXPLICIT freed 18K, 3% free 785K/808K, paused 1ms+1ms, total 7ms
I/dalvikvm( 1800): threadid=1: recursive native library load attempt (/system/lib/libmedia_jni.so)
D/MtpDeviceJNI( 1800): register_android_mtp_MtpDevice
I/dalvikvm( 1800): threadid=1: recursive native library load attempt (/system/lib/libmedia_jni.so)
I/dalvikvm( 1800): threadid=1: recursive native library load attempt (/system/lib/libmedia_jni.so)
D/dalvikvm( 1800): GC_EXPLICIT freed 14K, 2% free 828K/844K, paused 1ms+1ms, total 7ms
D/dalvikvm( 1800): GC_FOR_ALLOC freed 214K, 17% free 1128K/1344K, paused 13ms, total 13ms
D/dalvikvm( 1800): GC_EXPLICIT freed 267K, 18% free 1285K/1556K, paused 1ms+1ms, total 14ms
D/dalvikvm( 1800): GC_EXPLICIT freed 30K, 16% free 1311K/1556K, paused 2ms+1ms, total 13ms
D/dalvikvm( 1800): GC_EXPLICIT freed 11K, 13% free 1368K/1556K, paused 2ms+1ms, total 16ms
W/Zygote ( 1800): Class not found for preloading: android.server.BluetoothA2dpService
W/Zygote ( 1800): Class not found for preloading: android.server.BluetoothEventLoop
W/Zygote ( 1800): Class not found for preloading: android.server.BluetoothService
D/TelephonyManager( 1800): No /proc/cmdline exception=java.io.FileNotFoundException: /proc/cmdline: open failed: EACCES (Permission denied)
D/TelephonyManager( 1800): /proc/cmdline=
D/dalvikvm( 1800): GC_EXPLICIT freed 29K, 10% free 1430K/1588K, paused 1ms+1ms, total 14ms
D/dalvikvm( 1800): WAIT_FOR_CONCURRENT_GC blocked 1ms
D/dalvikvm( 1800): GC_EXPLICIT freed 48K, 3% free 1711K/1764K, paused 1ms+2ms, total 18ms
W/Zygote ( 1800): Class not found for preloading: android.util.LocaleUtil
D/dalvikvm( 1800): GC_EXPLICIT freed 36K, 3% free 1745K/1792K, paused 3ms+1ms, total 22ms
D/dalvikvm( 1800): GC_EXPLICIT freed 31K, 2% free 1769K/1804K, paused 2ms+1ms, total 19ms
W/Zygote ( 1800): Class not found for preloading: android.view.ViewRootImpl$ResizedInfo
W/Zygote ( 1800): Class not found for preloading: android.view.Window$LocalWindowManager
W/Zygote ( 1800): Class not found for preloading: android.view.WindowManagerImpl$CompatModeWrapper
D/dalvikvm( 1800): GC_EXPLICIT freed 30K, 2% free 1792K/1824K, paused 2ms+1ms, total 21ms
I/dalvikvm( 1800): threadid=1: recursive native library load attempt (/system/lib/libwebcore.so)
D/dalvikvm( 1800): No JNI_OnLoad found in /system/lib/libchromium_net.so 0x0, skipping init
D/MDnsDS ( 1799): MDnsSdListener::Hander starting up
D/MDnsDS ( 1799): MDnsSdListener starting to monitor
